est common factor of v and 175.
7
Suppose y - c - 41 = 0, 9*c = 3*y + 8*c - 125. Suppose 3*d + 12 = 0, -2*w - w - 5*d = -22. What is the highest common divisor of y and w?
14
Suppose 2235 = -r + 6*r. Let n = r - 282. Suppose 2*d - 50 = 4*i, 0 = -2*d + 2*i - 3*i + 25. What is the highest common divisor of d and n?
15
Let a be (2*-3)/(6/(-52)). Let k be 57 + -25 - (7 + -1). What is the highest common factor of k and a?
26
Let d(b) = b**2 + 90*b + 1430. Let o be d(-17). Suppose 4*f = 103 + 5. What is the greatest common divisor of o and f?
27
Suppose -3 + 237 = 3*s. What is the greatest common factor of 195 and s?
39
Let l(i) be the third derivative of i**5/30 - i**4/8 + 3*i**3/2 - 10*i**2. Let k be l(-7). What is the greatest common divisor of 16 and k?
16
Let u(f) = f**3 + 7*f**2 + 7*f + 5. Let a be u(-6). Let y be (-38)/(a/(10/4)). Let o = -3 + 22. Calculate the greatest common divisor of y and o.
19
Suppose 0 = 9*m - 8*m - 32. Let b = -467 - -755. What is the greatest common factor of m and b?
32
Suppose -2*r + 4*x - 495 = -5*r, -r - 2*x = -167. What is the greatest common divisor of 46 and r?
23
Suppose -5*d + 2*d = 4*a + 8, -5*d - 15 = 5*a. Let k = 9 + -5. Suppose s - k*s + 5 = -t, -2*t + 4 = s. What is the highest common divisor of s and a?
1
Let p be ((-14)/8)/(7/(-28)). Let h(s) = 3 + 0*s**3 + 14 - 8*s - s**3 - p*s - 17*s**2. Let b be h(-16). Calculate the highest common factor of 4 and b.
1
Let g be (-70326)/(-99) - 28/77. What is the highest common factor of g and 20?
10
Let h(w) = -22*w + 250 - 133 - w**2 - 126. Let n be h(-19). Calculate the highest common divisor of n and 16.
16
Let x be 4/(-14) - (-596)/28. Let l = x - 3. What is the greatest common factor of 2 and l?
2
Let n = 400 + -200. Calculate the greatest common divisor of 100 and n.
100
Suppose 0 = 5*q + 4*v - 2229, -q - 11*v = -8*v - 448. What is the greatest common factor of q and 10?
5
Let m(n) = -22*n - 129. Let b be m(-17). Calculate the highest common factor of b and 5.
5
Let q = 34 + 68. Let a = q + 85. Let b(p) = 5*p**2 - p - 1. Let x be b(2). Calculate the greatest common factor of a and x.
17
Suppose 41*n - 8*n = 2772. Calculate the highest common factor of 210 and n.
42
Suppose 5*g = -2*q + 57, -1 = g - 4. Suppose 0 = -3*z + 3*c, 3*z + 13*c = 11*c + 15. What is the greatest common divisor of z and q?
3
Let o = 33 + 4. Let v = -5 + o. Let u(f) = -f**2 + 9*f - 4. Let g be u(5). Calculate the highest common divisor of v and g.
16
Let l be ((-4)/8)/(17/(-204)). What is the greatest common divisor of 75 and l?
3
Suppose -45*b + 58*b = 728. What is the greatest common factor of 24 and b?
8
Suppose 0 = 51*p - 43*p - 160. Calculate the highest common divisor of p and 310.
10
Suppose 0 = 4*k + 3*u - 4, 3*k - 5*u + 22 = 2*k. Let h(z) = -z**3 - z**2 + 3*z + 3. Let b be h(k). What is the highest common factor of 13 and b?
1
Let j(d) = 4*d + 725. Let x be j(0). Suppose 0 = 8*o - 3*o. Suppose o = 6*h - h - x. Calculate the greatest common divisor of 29 and h.
29
Suppose -4096*d + 4100*d = 300. Calculate the highest common factor of 450 and d.
75
Let r(t) be the first derivative of t**4/4 + 13*t**3/3 + 8*t**2 + 15*t - 1. Let b be r(-11). Let a = 164 - 110. What is the highest common factor of b and a?
27
Let z be (-2)/(-3) - (-36)/27. Suppose 2*u + 113 = 4*g + g, z*g = 3*u + 54. Calculate the greatest common factor of g and 189.
21
Let h be 1/(-2)*(-31 + (-10 - -7)). Calculate the greatest common factor of 34 and h.
17
Suppose 0 = -4*k + 2*k + 70. Suppose -3*a = 2*a - 70. Suppose -h - h = -a. What is the greatest common divisor of k and h?
7
Suppose 0*z + 468 = 36*z. Let j be (1 - 0) + 9 + 3. What is the greatest common divisor of j and z?
13
Let p(x) = -7*x + 3. Let f be p(-1). Let t(n) = 23 - n + n**2 + f*n - 32*n. Let h be t(22). What is the greatest common divisor of h and 8?
1
Suppose -5*r - 116 = -4*q - r, 0 = -4*q - 2*r + 86. Calculate the greatest common divisor of q and 88.
8
Let o(q) be the second derivative of -q**5/20 - q**4/6 + 2*q**3/3 + 5*q**2/2 - 43*q. Let c be o(-3). Calculate the greatest common divisor of c and 54.
2
Let y be 1 - (0 + 257 - -4). Let h be (-20)/110 + y/22. Let x be (-783)/h - (-6)/8. What is the highest common divisor of 6 and x?
6
Suppose -140*k = -143*k + 2*p + 2, -2*k + 2*p = 0. Calculate the highest common factor of 61 and k.
1
Suppose 0 = -7*k + 73 + 39. What is the highest common factor of k and 36?
4
Suppose -31 = -3*h + 104. Suppose -3*a + 680 = -805. Calculate the greatest common divisor of a and h.
45
Let v be (576/112)/((-2)/(-21)). Let u = v + 98. What is the greatest common divisor of 19 and u?
19
Let c be (-44)/6*1755/(-234). Let u be -2*-2*(-1)/(-4). Suppose -3*m = a - 8*m + 5, -a + 2*m = -u. Calculate the greatest common factor of c and a.
5
Let k be -19 + 10 + (-2 - -16). Calculate the highest common divisor of 355 and k.
5
Suppose -8 = z - 4*d, 90*d + 31 = 3*z + 89*d. Calculate the greatest common factor of 1716 and z.
12
Suppose 0 = 5*v + 15, v - 737 = 5*o - 0*o. Let m = -78 - o. Calculate the greatest common divisor of m and 14.
14
Let u be 1520/(-16)*(-9)/5. Calculate the highest common divisor of 19 and u.
19
Suppose -s + 24 = -2. Let o(k) = 0*k + 4*k**2 - 3*k + 1 + 2. Let n be o(2). What is the highest common factor of s and n?
13
Let w(b) = -b**3 + 19*b**2 + b - 24. Let f be w(19). Let r = 1 - f. What is the greatest common divisor of 6 and r?
6
Let r be 10/50 + (-28)/(-10). Suppose -5*v + 2*m + 40 = 0, 2*v - v - r*m - 21 = 0. Calculate the highest common divisor of 15 and v.
3
Suppose 0*g = 5*v - 3*g + 345, 4*g = -5*v - 380. Let q = -23 - v. Suppose y = -0*y + q. Calculate the greatest common divisor of y and 7.
7
Let g = -20 - -12. Let p be (-1151)/g - 1/(-8). What is the highest common divisor of p and 18?
18
Let u(z) be the first derivative of 6*z**2 + 10*z - 6. Let h be u(8). Suppose -2*q + 3*f + 60 = -f, f = -5*q + h. What is the highest common divisor of 2 and q?
2
Suppose 13 = 2*g - 1. Let b = g - -17. What is the highest common divisor of 60 and b?
12
Suppose 2*o = -o + 6, 5*x + 4 = 2*o. Let y be 6 + -2*(-2)/(-4). Suppose 14 = -x*m + m - 2*i, 19 = 2*m + y*i. What is the highest common divisor of 30 and m?
6
Suppose 0 = 11*l - 9*l + 4. Let t be -1 + ((-4)/(-4) - l). Let z be 0 - (-5*t - 1). Calculate the highest common factor of z and 88.
11
Let v(y) = 6*y + 19. Let c be v(17). Let h(m) = m**3 + m + 388. Let s be h(0). Let q be (-2)/(-9) - s/(-36). Calculate the highest common factor of q and c.
11
Let j be -1*3/(-1) - -4. Suppose -3 = -5*h + j. Suppose -b + 6 = 3*f, -4*f + h + 6 = -b. Calculate the highest common factor of f and 18.
2
Let o be (-1 - -12) + (18 - -1859). What is the greatest common factor of o and 59?
59
Let c = 1406 + 653. Calculate the greatest common divisor of c and 58.
29
Suppose y + 201 = -2*r, 2*y + 593 = r + 176. Let c = y + 324. Calculate the highest common factor of 13 and c.
13
Suppose -5*u + 6 = -2*u, 0 = -3*c + u + 88. Suppose -2*s + m = -s - 7, -3*s = -2*m - 16. Suppose 6 = -s*p + c. What is the highest common divisor of p and 8?
4
Let s(p) = 19*p**2 - 3*p - 14. Let g be s(-5). Calculate the highest common factor of g and 34.
34
Let h(p) = 2*p**3 + 3*p**2 - 6*p + 8. Let s be h(4). Calculate the greatest common divisor of 90 and s.
10
Let l = -32 - -52. Calculate the highest common divisor of 520 and l.
20
Let u = 122 + -45. Let a be 6/((-18)/21)*-7. Let b = u + a. What is the greatest common divisor of b and 18?
18
Let f = 14 - 21. Suppose 0 = t - 3*t + 190. Let d = t + f. Calculate the greatest common factor of d and 8.
8
Suppose 174 + 178 = 4*p. Suppose -v + 24 = i + 3*v, p = 3*i - 4*v. Let y be 120/i - (-6)/(-21). Calculate the highest common divisor of y and 20.
4
Suppose 8*a - 113 - 79 = 0. Calculate the greatest common divisor of 100 and a.
4
Suppose -2*j + 33 + 93 = 0. What is the greatest common factor of 7 and j?
7
Suppose 0 = -4*f - 4*n, f = 2*n + 2*n + 5. Let g be (54 - (f + 1))*(-7)/(-14). Calculate the greatest common factor of g and 13.
13
Let p be 15/(-6)*(-2 - 0). Suppose p*f - 180 = -5*d, -4*d + 2*f + 80 = -2*d. Let n = -25 + d. Calculate the highest common divisor of n and 143.
13
Let m = 4559 - 4287. Let t(r) = 2*r**2 + 6*r - 2. Let b be 1/((10/(-12))/5). Le